{"id":39,"date":"2020-10-27T18:51:10","date_gmt":"2020-10-27T17:51:10","guid":{"rendered":"http:\/\/perica.prestigio-design.com\/?page_id=39"},"modified":"2020-11-03T17:50:01","modified_gmt":"2020-11-03T16:50:01","slug":"start","status":"publish","type":"page","link":"http:\/\/perica.prestigio-design.com\/","title":{"rendered":"Start"},"content":{"rendered":"<p><img src=\"http:\/\/perica.prestigio-design.com\/wp-content\/uploads\/elementor\/thumbs\/vusu_logo_latinica-oxvoohees4fftabxgvc2hykbukr7unmitretcujaeu.png\" title=\"vusu_logo_latinica\" alt=\"vusu_logo_latinica\" \/>\t\t\t\t\t\t\t\t\t\t\t<\/p>\n<nav itemscope=\"itemscope\" itemtype=\"http:\/\/schema.org\/SiteNavigationElement\" data-toggle-icon=\"&lt;i aria-hidden=&quot;true&quot; tabindex=&quot;0&quot; class=&quot;fas fa-align-justify&quot;&gt;&lt;\/i&gt;\" data-close-icon=\"&lt;i aria-hidden=&quot;true&quot; tabindex=&quot;0&quot; class=&quot;far fa-window-close&quot;&gt;&lt;\/i&gt;\" data-full-width=\"yes\">\n<ul id=\"menu-1-fbca4ae\">\n<li id=\"menu-item-139\"><a href=\"http:\/\/perica.prestigio-design.com\/#savez\" itemprop=\"url\" class = \"hfe-menu-item\">Savez<\/a><\/li>\n<li id=\"menu-item-118\"><a href=\"http:\/\/perica.prestigio-design.com\/#vesti\" itemprop=\"url\" class = \"hfe-menu-item\">Vesti<\/a><\/li>\n<li id=\"menu-item-207\"><a href=\"http:\/\/perica.prestigio-design.com\/#klubovi\" itemprop=\"url\" class = \"hfe-menu-item\">Klubovi<\/a><\/li>\n<li id=\"menu-item-208\"><a href=\"http:\/\/perica.prestigio-design.com\/#najave\" itemprop=\"url\" class = \"hfe-menu-item\">Najave<\/a><\/li>\n<li id=\"menu-item-209\"><a href=\"http:\/\/perica.prestigio-design.com\/#vusu\" itemprop=\"url\" class = \"hfe-menu-item\">Vu\u0161u<\/a><\/li>\n<li id=\"menu-item-210\"><a href=\"http:\/\/perica.prestigio-design.com\/#kontakt\" itemprop=\"url\" class = \"hfe-menu-item\">Kontakt<\/a><\/li>\n<\/ul>\n<\/nav>\n<p>\t\t\t\t\t<a target=\"_blank\" rel=\"noopener noreferrer\"><br \/>\n\t\t\t\t\t\tFacebook-f<br \/>\n\t\t\t\t\t\t\t\t\t\t\t<\/a><br \/>\n\t\t\t\t\t<a target=\"_blank\" rel=\"noopener noreferrer\"><br \/>\n\t\t\t\t\t\tYoutube<br \/>\n\t\t\t\t\t\t\t\t\t\t\t<\/a><br \/>\n\t\t\t\t\t<a target=\"_blank\" rel=\"noopener noreferrer\"><br \/>\n\t\t\t\t\t\tInstagram<br \/>\n\t\t\t\t\t\t\t\t\t\t\t<\/a><br \/>\n\t\t\t\t\t<a target=\"_blank\" rel=\"noopener noreferrer\"><br \/>\n\t\t\t\t\t\tEnvelope<br \/>\n\t\t\t\t\t\t\t\t\t\t\t<\/a><br \/>\n\t\t\t\t\t<a target=\"_blank\" rel=\"noopener noreferrer\"><br \/>\n\t\t\t\t\t\tPhone<br \/>\n\t\t\t\t\t\t\t\t\t\t\t<\/a><\/p>\n<h1>SRPSKI KUNG-FU VU\u0160U SAVEZ<\/h1>\n<\/p>\n<p><a href=\"http:\/\/\"  >U\u010dlanite se<\/a><a href=\"http:\/\/\"  >Saznajte vi\u0161e<\/a><br \/>\n\t\t\t\t\t\t\t\t\t\t<img width=\"800\" height=\"486\" src=\"http:\/\/perica.prestigio-design.com\/wp-content\/uploads\/2020\/11\/SKVS.jpg\" alt=\"\" loading=\"lazy\" srcset=\"http:\/\/perica.prestigio-design.com\/wp-content\/uploads\/2020\/11\/SKVS.jpg 1000w, http:\/\/perica.prestigio-design.com\/wp-content\/uploads\/2020\/11\/SKVS-300x182.jpg 300w, http:\/\/perica.prestigio-design.com\/wp-content\/uploads\/2020\/11\/SKVS-768x466.jpg 768w\" sizes=\"(max-width: 800px) 100vw, 800px\" \/>\t\t\t\t\t\t\t\t\t\t\t<\/p>\n<h2>SRPSKI  KVS<\/h2>\n<p>Srpski KVS je dobrovoljan, nevladin, nepoliti\u010dan i neprofitan nacionalni granski savez u oblasti Kung-fu Vu\u0161u sporta za Republiku Srbiju. Osnovan je 2012. god. u Novom Be\u010deju, na inicijativu Kluba borila\u010dkih sportova \u201cJedinstvo\u201d iz Novog Be\u010deja.<\/p>\n<p>Savez je \u010dlan: Sportskog Saveza Srbije, Internacionalne Vu\u0161u Federacije (<a href=\"http:\/\/srpskikvs.org\/wp-content\/uploads\/2020\/01\/O-nama-IWF.png\" target=\"_blank\" rel=\"noopener noreferrer\">Pristupnica IWUF<\/a>), Evropske Vu\u0161u Federacije (EUWUF), Mediteranske Vu\u0161u Grupe i Balkanske Regionalne Vu\u0161u federacije, a u Podsavezu je sa:\u00a0 Kung-fu Vu\u0161u Savezom Vojvodine i Beogradskom Vu\u0161u Asocijacijom. Predsednik Saveza je Radenko Tadi\u0107, a Sekretar je Stojan Ivanovi\u0107.<\/p>\n<p>\t\t\t<a href=\"#\" role=\"button\"><br \/>\n\t\t\t\t\t\tNormativi<br \/>\n\t\t\t\t\t<\/a><\/p>\n<h2>NAJNOVIJE OBJAVE<\/h2>\n<p>Najave takmi\u010denja, rezultati borbi, de\u0161avanja unutar Saveza, najave seminara i drugih stru\u010dnih manifestacija,<br \/>najnovija de\u0161avanja u Vu\u0161u svetu i jo\u0161 mnoge druge aktuelnosti\u2026<\/p>\n<p>13. Januar, 2020<\/p>\n<p>BILANS USPEHA 2019<\/p>\n<p>30. Novembar, 2019<\/p>\n<p>OTVORENO PRVENSTVO BG 2019.<\/p>\n<p>26. Oktobar, 2019<\/p>\n<p>TURNIR \u201cZLATNA PESNICA\u201d<\/p>\n<p>20. Oktobar, 2019<\/p>\n<p>TAKMI\u010cENJE U GRADA\u010cCU<\/p>\n<p>\t\t\t<a href=\"#\" role=\"button\"><br \/>\n\t\t\t\t\t\tBudite u toku<br \/>\n\t\t\t\t\t<\/a><\/p>\n","protected":false},"excerpt":{"rendered":"<p>Savez Vesti Klubovi Najave Vu\u0161u Kontakt Facebook-f Youtube Instagram Envelope Phone SRPSKI KUNG-FU VU\u0160U SAVEZ U\u010dlanite seSaznajte vi\u0161e SRPSKI KVS Srpski KVS je dobrovoljan, nevladin, nepoliti\u010dan i neprofitan nacionalni granski savez u oblasti Kung-fu Vu\u0161u sporta za Republiku Srbiju. Osnovan je 2012. god. u Novom Be\u010deju, na inicijativu Kluba borila\u010dkih sportova \u201cJedinstvo\u201d iz Novog Be\u010deja.&hellip;<\/p>\n","protected":false},"author":2,"featured_media":0,"parent":0,"menu_order":0,"comment_status":"closed","ping_status":"closed","template":"elementor_canvas","meta":[],"_links":{"self":[{"href":"http:\/\/perica.prestigio-design.com\/index.php?rest_route=\/wp\/v2\/pages\/39"}],"collection":[{"href":"http:\/\/perica.prestigio-design.com\/index.php?rest_route=\/wp\/v2\/pages"}],"about":[{"href":"http:\/\/perica.prestigio-design.com\/index.php?rest_route=\/wp\/v2\/types\/page"}],"author":[{"embeddable":true,"href":"http:\/\/perica.prestigio-design.com\/index.php?rest_route=\/wp\/v2\/users\/2"}],"replies":[{"embeddable":true,"href":"http:\/\/perica.prestigio-design.com\/index.php?rest_route=%2Fwp%2Fv2%2Fcomments&post=39"}],"version-history":[{"count":130,"href":"http:\/\/perica.prestigio-design.com\/index.php?rest_route=\/wp\/v2\/pages\/39\/revisions"}],"predecessor-version":[{"id":239,"href":"http:\/\/perica.prestigio-design.com\/index.php?rest_route=\/wp\/v2\/pages\/39\/revisions\/239"}],"wp:attachment":[{"href":"http:\/\/perica.prestigio-design.com\/index.php?rest_route=%2Fwp%2Fv2%2Fmedia&parent=39"}],"curies":[{"name":"wp","href":"https:\/\/api.w.org\/{rel}","templated":true}]}}